 f and 162?
18
Let x(u) = 3*u**2 - 18*u - 24. Let w be x(7). Let t be 5 + 3 + -1 - (w + 1). Calculate the highest common divisor of 279 and t.
9
Let r(p) = p**3 - 4*p**2 + 19*p - 169. Let q be r(11). Let c = q + -766. What is the greatest common divisor of c and 1573?
121
Let y be (-1 + 0)*(-25 - (-130)/26). Calculate the greatest common divisor of 4370 and y.
10
Suppose -320 = -5*s + 5*o, -3*s + 2*s - 3*o + 60 = 0. Let q = -97 - 126. Let u = q - -230. What is the highest common factor of u and s?
7
Suppose -3*z - 2*z + 165 = 0. Let p be 52/(-3)*z/(-22). Let q = p - -10. Calculate the highest common factor of 108 and q.
36
Let r(n) = 8*n - 9. Let m be r(2). Suppose 1582 = m*a + 7*a. Suppose -u + a = 43. Calculate the highest common divisor of u and 14.
14
Let d = 2831 + -2798. What is the greatest common divisor of 121 and d?
11
Suppose 0 = n - 18 - 45. Let p(m) = 6*m**2 - 9*m + 1. Suppose -9 = -2*l - c - 2, 15 = 5*c. Let y be p(l). Calculate the greatest common divisor of y and n.
7
Suppose 790 = 7*k + 72*k. Suppose 3*t + 361 = 1231. Calculate the highest common factor of t and k.
10
Let s = 4701 - 4506. What is the highest common factor of s and 1820?
65
Let x = -26937 - -27087. Calculate the greatest common factor of 21675 and x.
75
Suppose -1893*q + 1897*q - 10 = -2*l, -l - q + 13 = 0. Let p = -1933 + 2794. What is the greatest common factor of l and p?
21
Let r be 1 + 3/(-6) + (-442)/(-52). Let o = -100 - -109. Calculate the greatest common divisor of o and r.
9
Let x(k) = k**3 + 21*k**2 + 54*k + 368. Let q be x(-19). What is the highest common divisor of q and 6?
2
Suppose -s = -3*w - 1093, 13*w + 3297 = 3*s + 10*w. What is the highest common divisor of s and 114?
38
Suppose 0 = -2*d + 221 + 89. Let g be 8*(0 + d/20). Suppose 3*u - 33 = 60. Calculate the greatest common factor of u and g.
31
Let w(f) = f**3 - 77*f**2 + 153*f + 147. Let t be w(75). Calculate the highest common divisor of 348 and t.
12
Suppose -k = -2*k + 140. Let d be 42*(1 + 3*8/(-36)). Let s be -1 + -3*d*(-54)/63. Calculate the highest common factor of k and s.
35
Let b be (5 - (-33)/(-5))/((-14)/455). Let k be 3 + (-1 + -35)*-1. Calculate the greatest common factor of b and k.
13
Let z = -10591 - -10804. Calculate the highest common factor of 1349 and z.
71
Let b = 125 - 168. Let j = b + 58. Suppose 26 = d - 19. Calculate the highest common factor of j and d.
15
Let l be (((-25)/(-10))/(-5))/(2/(-28)). Let u = l + 25. Suppose 0*s = 4*a + 4*s - 144, -5*a + 184 = 4*s. Calculate the highest common factor of a and u.
8
Let k be 6*(-6 + (-5 - 35)). Let q = 353 + k. Calculate the greatest common factor of q and 11.
11
Let t be 2*(-6)/15 - (81080/(-25))/4. What is the greatest common divisor of t and 18?
18
Suppose -299*h + 264*h + 11900 = 0. Calculate the greatest common divisor of h and 748.
68
Let f(y) = -862*y - 2543. Let b be f(-5). Calculate the greatest common divisor of 171 and b.
57
Let y = 227 - -46. Let x = y + -255. Let n(d) = -d**3 - 4*d**2 + 2*d + 3. Let p be n(-5). Calculate the highest common divisor of p and x.
18
Let m be (-954)/(-795) + 19542/15. Calculate the greatest common factor of 2771 and m.
163
Let y be -1 + (-92)/(-2*1). Suppose -299 = -4*b - 707. Let l = 132 + b. Calculate the greatest common divisor of y and l.
15
Let t(m) = -m**3 - 6*m**2 + 226*m + 1812. Let j be t(-8). Suppose -7*y = -3*y - r - 146, 102 = 3*y + 3*r. Calculate the highest common factor of j and y.
12
Let p be (12/30)/(3/30)*32. Suppose 0 = -o - 5*f + 109, f = -4*o - f + 346. Let y be o/5 - 8/10. Calculate the greatest common factor of p and y.
16
Let q = 1250 - 1000. Calculate the highest common divisor of q and 20.
10
Let k(r) = 90*r + 46. Let w be k(5). What is the greatest common factor of w and 3503?
31
Suppose -3*g + 30 + 48 = 0. Suppose y - 12 - 12 = 0. Let j = g - y. Calculate the highest common divisor of 1 and j.
1
Let x be (21/(-9) - 3)*-21. Let r be 7/(x/248) + 1/2. Let h be 2/(-1) - (0 + -10). What is the highest common divisor of h and r?
8
Let f = -8 + 13. Let a(d) = -d + 3. Let q be a(f). Let z be 8 + -4 - 2 - 108/q. Calculate the highest common factor of z and 21.
7
Let n(z) = 2*z**3 - 10*z**2 + 9*z. Suppose 1 = -12*w + 73. Let r be n(w). Calculate the greatest common factor of 36 and r.
18
Let t = 7275 - 7242. Calculate the greatest common divisor of t and 6501.
33
Let u = -2729 + 2777. What is the greatest common factor of u and 792?
24
Let i be (48/40)/(14/(-20) - -1). Suppose -i*o + 479 = -101. What is the greatest common factor of 58 and o?
29
Let i be (8 + 3)*((-48)/(-18))/(8/60). Let q be 11/(2/(1*10)). Calculate the highest common divisor of q and i.
55
Suppose 0 = 5*n - 2*j - 17 + 105, -2*j = -4*n - 72. Let p be (1 - -294) + (-3)/(24/n). Calculate the highest common divisor of p and 27.
27
Let h be (-8)/6 + (-5824)/(-21). Suppose -8*a + 2*a - h = 0. Let v = a - -60. Calculate the highest common factor of v and 28.
14
Let s be (-466)/(-14) + 12/(-42). Let m be (-10)/(-115) + 3494/23. Let o = m + -149. What is the greatest common factor of s and o?
3
Suppose -25*b + 1052 - 407 = -455. What is the highest common factor of 28 and b?
4
Let y be (-3)/((-36)/645) + (-3)/4. Let j be 5 + 4 + 1 + y. What is the greatest common factor of j and 99?
9
Let x be 11 + -181*252/((-33)/11). Calculate the highest common factor of 85 and x.
85
Let a be ((-154)/(-11) - 68)/((-3)/20). Let d = -57 + 102. Calculate the highest common divisor of d and a.
45
Let n(r) = r + 150. Let v be n(0). Suppose 8*i = 29*i + 756. Let u be (-9 - (-91)/14)*i/3. Calculate the greatest common divisor of u and v.
30
Suppose -4890 + 70 = -20*p. Suppose -191 = -8*w + p. What is the greatest common factor of w and 24?
6
Let w be (3 - 6 - (-29)/9) + 122464/36. What is the greatest common factor of w and 126?
126
Let m = 28 + 17. Let l(o) = o**3 + 7*o**2 + 11*o + 10. Let a be l(-5). Suppose 0 = 5*h + x - 6*x - 20, a*x = h. Calculate the highest common divisor of m and h.
5
Let o = 1938 - 1878. Calculate the highest common factor of 870 and o.
30
Let l be (14732/20 - (-4)/10) + (-17)/(-17). What is the highest common divisor of 27 and l?
9
Suppose -4*c + 1227 - 403 = -4*d, -2*d = -c + 202. Suppose 26*f - 414 = c. What is the greatest common divisor of 60 and f?
12
Let x = -3398 + 3938. Calculate the greatest common divisor of 8820 and x.
180
Let p = 3396 - 2962. What is the greatest common factor of 372 and p?
62
Suppose 29*w + 171 = 5*w + 1035. Let s be 8/(-12) - 11/(-3). What is the highest common factor of s and w?
3
Let g = -122 + 239. Suppose 39*a - 30956 + 29435 = 0. What is the greatest common divisor of a and g?
39
Let s = -177 - -361. Let u be 46/s - 10/(-8)*147. Calculate the greatest common factor of u and 69.
23
Let w(c) = 6*c + 258. Let x be w(-31). Suppose 0 = 4*m + y - 226, 3*y - 4*y = -5*m + 278. What is the highest common factor of m and x?
8
Suppose 75*g - 66*g = 243. Let y = 2 + 1. Suppose s - 5*s = 4*t - 544, -5*t - y*s = -678. Calculate the highest common factor of g and t.
27
Let m be ((-342)/(-45) - 8)/(1/(-350)) + -3. Calculate the highest common divisor of 9727 and m.
137
Suppose 2*l = 43*l + 1987 - 2069. Calculate the greatest common factor of 2846 and l.
2
Let t(m) = 18*m - 413. Let n be t(25). Calculate the highest common factor of 3811 and n.
37
Let f(g) = -6 - g**3 + 8*g**2 - 10*g**2 - 13*g**2 + 13*g. Let p be f(-16). What is the greatest common divisor of 42 and p?
42
Let u be -17*2*(-18 - -12)/12. What is the highest common divisor of u and 901?
17
Let l = 74 + -50. Let o be 30/9*((-910116)/135)/(-53). What is the highest common divisor of o and l?
8
Suppose -43*d + 3631 = -23889. What is the greatest common divisor of d and 1152?
128
Let h(j) = 15*j - 21 + 9*j**2 - 1 - 8 - 9. Let d be h(9). Calculate the greatest common divisor of 75 and d.
75
Let m(f) = -f**3 - 13*f**2 - 14*f - 18. Let j be m(-12). Suppose z = -5*b + 4, 3*z - 17 = -4*b + j. Calculate the greatest common divisor of z and 24.
3
Suppose 23*j - 27*j - 2*g - 1302 = 0, 2*j + 653 = -3*g. Let z = -307 - j. Calculate the greatest common divisor of z and 6.
6
Let t(x) = -x**2 + 25*x - 11. Let s = 53 - 42. Let p be t(s). Let n = 269 - p. Calculate the highest common divisor of 14 and n.
14
Suppose 3*p + 116 -